he hundred thousands digit of 48964109?
9
What is the hundred thousands digit of 3291887685?
8
What is the thousands digit of 955574261?
4
What is the thousands digit of 227472559?
2
What is the units digit of 1005065868?
8
What is the thousands digit of 377310396?
0
What is the hundred thousands digit of 182240740?
2
What is the hundred thousands digit of 482750735?
7
What is the hundred thousands digit of 105085195?
0
What is the hundreds digit of 115951024?
0
What is the hundred millions digit of 363091699?
3
What is the tens digit of 8324501?
0
What is the ten thousands digit of 184056564?
5
What is the thousands digit of 2727446727?
6
What is the units digit of 174864134?
4
What is the tens digit of 44545603?
0
What is the thousands digit of 26235874?
5
What is the hundred millions digit of 265917030?
2
What is the hundred thousands digit of 87294170?
2
What is the ten thousands digit of 442124327?
2
What is the thousands digit of 864951628?
1
What is the thousands digit of 45224370?
4
What is the hundreds digit of 4329136297?
2
What is the hundred millions digit of 730162159?
7
What is the tens digit of 11473920?
2
What is the hundred thousands digit of 84670648?
6
What is the millions digit of 3781830804?
1
What is the ten thousands digit of 2143595825?
9
What is the millions digit of 1399862913?
9
What is the tens digit of 28330473?
7
What is the ten thousands digit of 74562160?
6
What is the millions digit of 29595511?
9
What is the units digit of 1878483776?
6
What is the ten thousands digit of 217716843?
1
What is the tens digit of 9632828?
2
What is the hundred thousands digit of 153039552?
0
What is the units digit of 267009700?
0
What is the ten thousands digit of 760554200?
5
What is the hundred thousands digit of 38893785?
8
What is the units digit of 386642368?
8
What is the thousands digit of 1001481775?
1
What is the millions digit of 440298517?
0
What is the hundreds digit of 1824425799?
7
What is the units digit of 1030640718?
8
What is the hundreds digit of 33938385?
3
What is the hundred thousands digit of 2147088405?
0
What is the hundred millions digit of 211201168?
2
What is the millions digit of 36993953?
6
What is the hundreds digit of 906445676?
6
What is the ten thousands digit of 2931883129?
8
What is the thousands digit of 9565398?
5
What is the millions digit of 836595604?
6
What is the thousands digit of 751610159?
0
What is the ten millions digit of 34050918?
3
What is the thousands digit of 21051169?
1
What is the ten thousands digit of 127009470?
0
What is the hundred thousands digit of 159184505?
1
What is the ten thousands digit of 4228640426?
4
What is the hundred millions digit of 2305370350?
3
What is the hundred thousands digit of 972351813?
3
What is the billions digit of 4194193840?
4
What is the tens digit of 236791612?
1
What is the thousands digit of 65256732?
6
What is the tens digit of 87198349?
4
What is the millions digit of 96992244?
6
What is the tens digit of 135119445?
4
What is the billions digit of 2511867216?
2
What is the ten millions digit of 52264731?
5
What is the ten thousands digit of 785100036?
0
What is the units digit of 251763706?
6
What is the hundreds digit of 710727731?
7
What is the units digit of 99855491?
1
What is the hundred thousands digit of 777524734?
5
What is the ten millions digit of 54443603?
5
What is the thousands digit of 89139232?
9
What is the tens digit of 11218117?
1
What is the hundred thousands digit of 2579412792?
4
What is the millions digit of 613080566?
3
What is the tens digit of 399258971?
7
What is the hundred thousands digit of 1072384400?
3
What is the millions digit of 1933977900?
3
What is the ten thousands digit of 39334961?
3
What is the hundred millions digit of 693550924?
6
What is the units digit of 670574242?
2
What is the ten millions digit of 217459406?
1
What is the hundred thousands digit of 2219537475?
5
What is the hundreds digit of 683982361?
3
What is the ten millions digit of 2671749943?
7
What is the hundred thousands digit of 392234095?
2
What is the hundreds digit of 37206226?
2
What is the units digit of 1322382609?
9
What is the millions digit of 58863907?
8
What is the hundred thousands digit of 21113617?
1
What is the tens digit of 50206030?
3
What is the tens digit of 148242494?
9
What is the hundred thousands digit of 39698042?
6
What is the thousands digit of 2716895200?
5
What is the hundred thousands digit of 128548905?
5
What is the ten thousands digit of 1175134823?
3
What is the tens digit of 129405684?
8
What is the tens digit of 1083248109?
0
What is the millions digit of 1359333991?
9
What is the hundred millions digit of 359910668?
3
What is the hundred thousands digit of 93318836?
3
What is the hundred thousands digit of 37883103?
8
What is the hundred thousands digit of 522469880?
4
What is the thousands digit of 219808253?
8
What is the hundred thousands digit of 14494689?
4
What is the ten millions digit of 4282412722?
8
What is the hundreds digit of 406112703?
7
What is the ten thousands digit of 483903760?
0
What is the tens digit of 3451668?
6
What is the ten millions digit of 47683921?
4
What is the tens digit of 221299154?
5
What is the ten millions digit of 278857289?
7
What is the millions digit of 3928164758?
8
What is the tens digit of 337339445?
4
What is the hundred millions digit of 168994880?
1
What is the tens digit of 3242812516?
1
What is the hundred thousands digit of 37796976?
7
What is the ten thousands digit of 5014598?
1
What is the ten thousands digit of 104870952?
7
What is the hundreds digit of 3233507905?
9
What is the hundred millions digit of 155915663?
1
What is the units digit of 103660071?
1
What is the units digit of 43659144?
4
What is the units digit of 983993297?
7
What is the thousands digit of 78476904?
6
What is the units digit of 1720817022?
2
What is the thousands digit of 71048869?
8
What is the hundred millions digit of 449802193?
4
What is the thousands digit of 5342843152?
3
What is the hundred millions digit of 370937104?
3
What is the tens digit of 113594495?
9
What is the ten thousands digit of 723331395?
3
What is the thousands digit of 583430857?
0
What is the hundreds digit of 5334896931?
9
What is the tens digit of 66151431?
3
What is the ten millions digit of 104601998?
0
What is the billions digit of 4496441306?
4
What is the tens digit of 649566451?
5
What is the thousands digit of 87127968?
7
What is the ten millions digit of 58196077?
5
What is the hundred thousands digit of 1491858220?
8
What is the hundred thousands digit of 2794918770?
9
What is the millions digit of 296371872?
6
What is the ten thousands digit of 1373491601?
9
What is the units digit of 387125230?
0
What is the ten millions digit of 10065449?
1
What is the thousands digit of 838791567?
1
What is the tens digit of 494252485?
8
What is the hundreds digit of 20618727?
7
What is the thousands digit of 799416690?
6
What is the hundred millions digit of 4919551665?
9
What is the ten thousands digit of 472644898?
4
What is the ten millions digit of 2349903404?
4
What is the millions digit of 9772173?
9
What is the hundred thousands digit of 200580720?
5
What is the tens digit of 100219057?
5
What is the ten millions digit of 472972584?
7
What is the ten thousands digit of 45978558?
7
What is the millions digit of 126701490?
6
What is the tens digit of 54004519?
1
What is the ten thousands digit of 1529696455?
9
What is the hundred millions digit of 705962002?
7
What is the millions digit of 2377454239?
7
What is the tens digit of 4732854?
5
What is the hundred thousands digit of 22885933?
8
What is the hundred thousands digit of 1336360687?
3
What is the hundred millions digit of 218381714?
2
What is the millions digit of 8284500?
8
What is the ten thousands digit of 626304339?
0
What is the hundred thousands digit of 267069613?
0
What is the units digit of 3937937379?
9
What is the thousands digit of 125259309?
9
What is the hundreds digit of 45137835?
8
What is the hundred millions digit of 221155533?
2
What is the billions digit of 1481007800?
1
What is the hundred millions digit of 125308455?
1
What is the units digit of 428519953?
3
What is the hundreds digit of 125540217?
2
W